 - 4*m - 9. Let l(d) = d**2 - d + 2. Give l(y).
8
Let j(f) = 2*f - 2. Let s(u) = u**2 + 1. Let y(r) = -r**2 - 4*r - 2. Suppose 3*k = 3*t, -5*t = -2*k + 6 + 3. Let b be y(t). Let i be s(b). Calculate j(i).
2
Let m(k) be the second derivative of -7/2*k**2 + 0 - k - 5/6*k**3 + 1/20*k**5 - 1/3*k**4. Give m(5).
-7
Suppose 2*v + v + 4*x + 6 = 0, v + 2 = 4*x. Let g(p) be the first derivative of 2*p**3/3 + p**2/2 + p + 2. Give g(v).
7
Suppose -4*p + 11 = -1. Let j(z) = z**3 - 3*z**2 - 2*z - 1. Give j(p).
-7
Let m(u) be the third derivative of -u**6/120 + u**5/15 + u**4/8 + 2*u**3/3 + u**2. Let a be (-2 + 28)/(-2 + 0). Let x = -8 - a. Calculate m(x).
-6
Let p(y) = y. Let b = -7 - -16. Let j be 5/(15/b) - 2. Calculate p(j).
1
Let z(u) = -5*u + 2. Suppose 6*a - 27 = -5*j + 3*a, 5*j = -2*a + 23. Determine z(j).
-13
Let r(n) = n + 1. Let g be r(4). Let f(z) = z - 10. Determine f(g).
-5
Let l = -14 - -14. Suppose 0*q - 5*q - 20 = l. Let u(w) = -w**3 + 2 + 0*w**2 - 4*w**2 - 4*w + 3*w. Determine u(q).
6
Let a(i) be the third derivative of -1/2*i**3 + 0*i + 0 + 2*i**2 - 1/8*i**4. Suppose -4*n + 2*n = 2*b + 4, -2 = n + 2*b. Determine a(n).
3
Let n(r) = 2*r - 5. Let v(f) = -3*f + 6. Let a(b) = 4*n(b) + 3*v(b). Let w(j) = -j**3 + 10*j**2 + 10*j + 8. Let d be w(11). Calculate a(d).
1
Let f(k) be the third derivative of -k**5/60 + 5*k**4/24 + k**3/2 - 5*k**2. Calculate f(5).
3
Let n(s) = s - 3. Suppose 6*m - 8 = 46. Calculate n(m).
6
Suppose -5*s = 2*j - 10, 2*j - 16 = s - 6. Let v(x) = s + 3*x + 7*x**2 - 4*x - x + 1. Calculate v(1).
6
Let v(s) = -3*s + 13. Let x(z) = -z + 3. Let h(j) = 2*v(j) - 9*x(j). Give h(2).
5
Suppose -5*y + 16 = -4. Suppose -l + 6 = l + y*q, -l + 4*q - 9 = 0. Let p(k) = k - 1. Let v(t) = 5*t - 1. Let d(h) = -2*p(h) + v(h). Calculate d(l).
-2
Let n be -2 + 9 - 2 - 0. Let x = -2 + n. Let g(r) = r + 2. What is g(x)?
5
Let r(c) = 1 - 3*c - 3*c + 7*c. Calculate r(4).
5
Suppose -5*w + 23 = -2, 3*b = 3*w. Let f(u) = -u**2 + 4*u + 4. What is f(b)?
-1
Let d(a) be the first derivative of -a**5/120 + a**4/24 + 2*a**3/3 - 2. Let z(v) be the third derivative of d(v). Give z(-2).
3
Let y(p) = -p**2 - p + 2. Let t be y(3). Let j(c) = -c**2 - 11*c - 6. Let z be j(t). Let o(u) = -u + 2. Calculate o(z).
-2
Let c(v) = -6*v + 4*v**2 - 5*v + 1 + 4*v + 6*v. Suppose 0*q + 5*q = -2*f - 18, 2*f = 4*q + 18. Suppose 2*b + f = -i - 0*b, 3*i + 4*b = -1. Determine c(i).
4
Let r(v) = -5*v**3 + 7*v. Let l(n) = 9*n**3 + n**2 - 14*n + 1. Let f(m) = -6*l(m) - 11*r(m). Suppose -z + 35 = z - 5*x, z = 3*x + 20. Calculate f(z).
4
Suppose -n + 0 = -3. Let f(t) = t**2 - t + 1. Calculate f(n).
7
Let z(x) = 11*x - 2. Suppose 0 = -2*y + 4*p - p + 19, -3*y = p - 1. Give z(y).
20
Suppose -3 = -0*n - n. Suppose -a + n = 9. Let u(t) = -t - 2. Calculate u(a).
4
Let q(k) = -38*k**2 - 4*k - k**3 + 33*k**2 + k. Give q(-2).
-6
Let f(b) be the second derivative of 0 - 1/4*b**4 - b**2 + 7*b - 1/6*b**3 - 1/20*b**5. Let x = -6 + 4. What is f(x)?
-4
Let o(v) = 5*v**2 - 8*v**2 - 2*v - 3 + 7*v**2. Determine o(-2).
17
Let q(h) be the third derivative of 0*h**4 + 1/6*h**3 + 2*h**2 - 1/30*h**5 + 1/40*h**6 + 0*h + 0. Let y = -6 - -5. Calculate q(y).
-4
Suppose 3*x = -u + 5, 2*u - 7 = 3*x + 3. Suppose x = 5*i + 7 - 32. Let s(r) = -r**2 + 5*r + 6. Give s(i).
6
Let q(a) = -5*a**2 + 3 + a**3 - 3 + 2*a + 1 + 3. Calculate q(5).
14
Let d(n) be the second derivative of n**3/3 + 5*n**2/2 - 5*n. Suppose -5*c = -8*c - 12. Calculate d(c).
-3
Suppose 20 - 1 = 2*c - 5*v, -3*c + 5*v = -21. Let z(j) be the second derivative of 0 + 1/6*j**3 - 1/2*j**c + 5/12*j**4 + j. What is z(1)?
5
Let w = -3 - 0. Let t(c) = 50 + 0*c + 2*c - c - 49. Calculate t(w).
-2
Let m(x) = -7*x**2 + 6*x + 3. Let w(o) = -4*o**2 + 3*o + 2. Let j(r) = 6*m(r) - 11*w(r). Give j(-3).
5
Let p(b) be the third derivative of 0*b + b**3 + 1/60*b**5 + 5/24*b**4 + 0 - 2*b**2. What is p(-4)?
2
Suppose 3*t - 6*r + r = 11, 4*t - r - 26 = 0. Let h = t - 11. Let i be h*(1 + -2 + 2). Let p(b) = -b - 2. What is p(i)?
2
Let s(j) = j**2 - 11*j - 17. Let n be s(12). Let h(m) = m**2 + 5*m + 4. Determine h(n).
4
Let l(n) be the first derivative of -n**3/3 - 2*n**2 - 3*n - 4. Let o(m) = -m + 1. Let x be o(-1). Let i be 2*(1/x + -2). Calculate l(i).
0
Suppose -2*c - 1 + 7 = 0. Suppose c*n = -n - 20. Let z(l) = 4*l - 7. Let d(y) = 5*y - 8. Let o(a) = -5*d(a) + 6*z(a). Determine o(n).
3
Let o = 0 + -5. Let n = 8 + -7. Let r(a) = a + n + 0*a + 2 + 8. Give r(o).
6
Suppose 8 = 5*b - 2. Let j(x) = -5*x**b + 2*x**2 + 2*x**2 + 2*x. Give j(4).
-8
Let m(o) be the second derivative of o**5/20 - 2*o**4/3 + 7*o**3/6 - o**2/2 - 3*o. Calculate m(7).
-1
Let g(l) = -2*l + 13. Let u(z) = 5*z - 38. Let f(q) = -11*g(q) - 4*u(q). Suppose -5*a - 4*w = 10, -14 = 5*a - a + 2*w. Give f(a).
-3
Let m = 153 + -607/4. Let s(z) be the first derivative of 0*z + 0*z**3 + 3 + 1/2*z**2 + m*z**4. Calculate s(1).
6
Suppose -p + 6*p + 40 = 0. Let c be p/3*(6 - 3). Let r = -7 - c. Let l(n) = 6*n**3 - 2*n**2 + 1. Give l(r).
5
Let k(p) = -p + 7. Let s be (4*1)/((-62)/(-93)). What is k(s)?
1
Suppose -5*x - 3*o = -3, 20 = 4*x + 2*o - 4*o. Let q(b) be the second derivative of b**4/12 - b**3/6 - 53*b. What is q(x)?
6
Let u be -1 + (-3)/((-15)/(-10)). Let r(a) = a**2 + 3*a + 1. Determine r(u).
1
Let h be (0 + 2)/(-3 - -4). Let c(l) = l + 11. Let k be c(-9). Let i(w) = -3 + w**k + 0*w - w + 2 - w. Determine i(h).
-1
Let c = -19 - -12. Let h(b) = b**3 + 7*b**2 + 5. Determine h(c).
5
Suppose -4*n = 10 - 2. Let s(t) = -4*t + 3*t + 1 + 2*t. Let o(j) = -j. Let d(c) = n*o(c) - s(c). Determine d(-3).
-4
Let p be -2 + 5 + 2 - 1. Let b be (-20)/8*p/(-2). Let t be 6/10 - (-2)/b. Let c(m) = -4*m. Calculate c(t).
-4
Let x(k) = k**2 - 7*k - 11. Let f be x(8). Let w(d) = 3*d**2 - 4*d + 6. Let t(j) = j**2 - 2*j + 3. Let o(b) = 7*t(b) - 3*w(b). Determine o(f).
-9
Let s(o) = -2*o + 8. Let z = 11 - 9. Suppose 2*u + 22 = 4*f, 4*f + z*u - 1 - 1 = 0. Let x(t) = -3*t + 9. Let l(v) = f*x(v) - 4*s(v). Determine l(-4).
-1
Let t(x) = x**2 + 4*x - 1. Suppose -5*s + 11 + 4 = 0. Suppose 7 = -2*h - s. Give t(h).
4
Let w(z) = -z + 10 + 2*z - 18. Determine w(0).
-8
Let s(h) be the second derivative of -5*h**3/6 - h**2/2 - 6*h. Let u(m) = -8*m - 2. Let n(j) = 7*s(j) - 5*u(j). Determine n(-2).
-7
Suppose -5*n + 16 = -n. Suppose n*z + 4 = 3*z. Let x(k) = -2*k - 1. Calculate x(z).
7
Let c(p) be the first derivative of 1/2*p**2 - 2 - 2*p - 1/4*p**4 + 2/3*p**3. Let b(x) = 2*x**3 - x**2 - 2*x + 1. Let o(n) = 2*b(n) + 3*c(n). What is o(-4)?
0
Let s = -21 + 12. Let n = -6 - s. Suppose n*o + 1 = -r - 5, 3*o - 6 = -5*r. Let k(l) = -l**3 - 4*l**2 - 2*l - 1. Calculate k(o).
-4
Let c(s) = -s**3 + 7*s**2 - s + 5. Let k be c(7). Let r(b) = -3*b - 5 + 4 - 2. Calculate r(k).
3
Let y(f) = -f + 1. Let b be (6 - 2) + (-1 - 1). Let t = b + -7. What is y(t)?
6
Let o(l) = 5*l**3 - 10*l**2 - 7*l - 6. Let z(t) = 6*t**3 - 11*t**2 - 8*t - 7. Let w(s) = -7*o(s) + 6*z(s). Let y = 1 - 4. What is w(y)?
6
Let z(u) = -u - 2. Let d be (-1 - -2 - 5)*-1. Let r be d/(-3)*(-18)/4. What is z(r)?
-8
Let t(p) = 13*p**3 - p**2 - p + 1. Let s be t(1). Let l(k) = -s + 5*k**2 + 10 + k**3 + 4*k + 1. What is l(-3)?
5
Let g(q) be the second derivative of q**4/12 + 7*q**3/6 - q**2/2 + 19*q. Give g(-7).
-1
Let d(b) = 1 - b - 5 - 4 + 2. Give d(-5).
-1
Suppose 5*m + 10 = -0. Let p(l) = l**2 + 3*l + 1. Give p(m).
-1
Let s(g) = 9*g + 1 - 8*g + g - 5*g. Determine s(5).
-14
Let m(v) be the third derivative of -v**4/12 + v**3/3 + v**2. Let z(i) = -i**2 - 2*i - 1. Let p be z(-3). Let g = p + 7. Determine m(g).
-4
Let a = -4 - -7. Let o(x) = -6*x**2 + 7*x**2 + 8*x - 3 - a*x. Give o(-3).
-9
Suppose 7 = 8*x - 49. Let m(u) = -u + 13. Determine m(x).
6
Let b(w) be the second derivative of -2*w**3/3 - 3*w**2 - 12*w. Give b(-5).
14
Let x be (1/(-1))/(0 - -1). Let q(i) be the first derivative of i + 5 + i**4 + 1/3*i**3 + i**2. What is q(x)?
-4
Suppose -14*p = -17*p. Suppose 3*o = 4*y + 9, 3*o + 4 - 1 = p. Let b(t) = t**2 + 4*t - 1. Calculate b(y).
-4
Suppose -4*i - 1 + 3 = 2*p, 3*i - 3 = -2*p. Let m = -3 + 8. Let z(r) = -m*r + 0 + 4*r + 4*r - 3. Give z(p).
6
Let s be (-1)/(1/(2*-2)). Let i(g) be the second derivative of g**5/20 - 5*g**4/12 + g**3 - 5*g**2/2 + 16*g. Determine i(s).
3
Suppose 4*l = 4*k + 8, 3*k 